+ f)*6?
97
Let b(c) = 1728*c - 6839. List the prime factors of b(21).
7, 601
Suppose 0 = 1814*c - 1893*c + 2420718. List the prime factors of c.
2, 3, 5107
Suppose 0 = -5*m - 55 + 20. Let t be (3 - m/(-3)) + (-2868)/(-18). What are the prime factors of (t/6)/(8/60)?
2, 5
Suppose 0 = 503*x - 499*x + 2*b - 12030, -5*x = b - 15036. List the prime factors of x.
31, 97
Let n(l) = -161*l - 2035. What are the prime factors of n(-100)?
5, 29, 97
Suppose -2 = 2*j + 8, -j = 4*a + 133. What are the prime factors of 45*(7 + a/12)?
3, 5, 13
Let r(g) = -98 + 3*g - 6*g + g - 9*g - 13*g. What are the prime factors of r(-14)?
2, 7, 17
Let a = -181 + 116. Let i = -63 - a. Suppose 35 = l + j - 154, 184 = l + i*j. List the prime factors of l.
2, 97
Let f(y) = 4984*y - 252. What are the prime factors of f(6)?
2, 3, 7, 353
Let f = 37 + 4050. What are the prime factors of f?
61, 67
Suppose -17*w = 19*w + 26*w - 1470640. What are the prime factors of w?
2, 5, 593
Let n = 2072 - 2084. Let a = 32 - -1825. What are the prime factors of (-1)/(-4) - (a/n)/1?
5, 31
Let v be (-2)/5 + 53*(-183)/15. Let w = v - -1027. List the prime factors of w.
2, 5, 19
Let i be -40 + 1 + (-39)/(-3) + -8. What are the prime factors of (-138540)/(-140) - (2 - i/(-14))?
2, 3, 5, 11
Let y be (-3)/21*6 + (-60)/(-21). Suppose 25 = -5*j, 0 = y*u - 5*j - 198 - 995. List the prime factors of u.
2, 73
Suppose -3*a - 3*p + 11 = p, -5*p = -a - 9. Let b be ((-12)/4*a)/(-1). Suppose -5*t - 2*r + 320 = 0, -b*r - 355 = -5*t + 2*r. What are the prime factors of t?
2, 3, 11
Let p be (0 + (-1304)/12)*45/(-6). Let y = p + -275. Suppose -3*c + 54 + 128 = i, 3*c = -3*i + y. List the prime factors of i.
179
Let v = -11252 - -17370. What are the prime factors of v?
2, 7, 19, 23
Suppose 0*x - x + 4 = 5*j, 52 = -2*x + 2*j. Let m(p) = -6*p + 43. Let i be m(x). Suppose -4*c - 20 = 0, -3*h - 3*c = -2*c - i. List the prime factors of h.
2, 29
Suppose -2*r - 5*k + 121881 = 0, k + 182745 = -359*r + 362*r. List the prime factors of r.
2, 3, 11, 13, 71
Let n = 28419 + -256. List the prime factors of n.
28163
Suppose 49*k - 213259 = 38356. What are the prime factors of k?
5, 13, 79
Suppose 27*s = 33*s - 30. Suppose -5 = -2*w + s. Suppose -w*i - 238 = y - 3*y, 0 = 3*y + 2*i - 319. List the prime factors of y.
109
Let d = -51 - -175. Suppose 3*n - d = 1025. List the prime factors of n.
383
Let f(n) = 6*n + n + 20 + 2 + 83*n**2 + 3*n. List the prime factors of f(-2).
2, 167
Let r(g) = -10992*g + 2773. List the prime factors of r(-4).
43, 1087
Suppose 0 = 2*j + 4, 3*w + 6*j = 10*j + 11960. What are the prime factors of w?
2, 3, 83
Let r(j) = -j**2 + 18*j - 3. Let t be (232 + 8)*(-1)/2. Let i = t + 135. List the prime factors of r(i).
2, 3, 7
Let g(y) = -y**3 - 15*y**2 + 2*y + 37. Let j be g(-15). Suppose -j*h + 380 = 13*h. What are the prime factors of h?
19
Let k(x) = -x**3 + 24*x**2 + 21*x + 82. Let b(d) = -3*d**3 + 74*d**2 + 63*d + 246. Let l(t) = 4*b(t) - 11*k(t). List the prime factors of l(32).
2, 13, 29
Let p(r) = 109*r - 649. What are the prime factors of p(57)?
2, 13, 107
Suppose -10*i - 164 = 26. Let l = i - -139. What are the prime factors of l?
2, 3, 5
Suppose -p + 115 = -262. Let n = p - 929. Let m = n - -803. What are the prime factors of m?
251
Let j(c) = c**3 - 62*c**2 - 128*c - 35. What are the prime factors of j(66)?
8941
Let m(k) = -k**3 + 25*k**2 - 18*k - 8. Let g be 9*(0 + 32/12). Let a be m(g). Suppose 89*o + a = 90*o. List the prime factors of o.
2, 17
Let j(p) = p**3 - 6*p**2 - 12*p - 9. Let c be j(9). Suppose 0 = 3*r - 3*i - i - 128, -3*r + 3*i = -c. Let m = r + 26. What are the prime factors of m?
2, 3, 11
Let r(q) = -20*q**2 - 4*q - 2. Let y be 28/(-7) - (-2 - 1). Let h be r(y). Let l = h + 46. What are the prime factors of l?
2, 7
What are the prime factors of (-1 - 55456/3)/(-11 + (-288)/(-27))?
31, 1789
Suppose 2*w - 3*w - 5*s = 2, 2*s - 7 = -3*w. Let y(n) = 3*n - 6. Let p be y(w). Suppose -109 = -5*f - p*d, 4*f - 21 - 79 = 4*d. What are the prime factors of f?
23
Suppose -30 = -33*x + 31*x. Suppose m - 17 = -x, 4*n + 3*m = 262. List the prime factors of n.
2
Suppose 25*y - 21*y = 820. Suppose -8 = -m + y. List the prime factors of m.
3, 71
Let i = -24 - -34. Let r = i + -1. Suppose 5*b - r*b + 376 = 0. What are the prime factors of b?
2, 47
Suppose 3 = 4*i - 3*i. Suppose 4*l = i*n - 732, n + 2*l + 0*l - 234 = 0. List the prime factors of n.
2, 3, 5
Let u be (10 + -10)/(0 + 0 - -2). Suppose -22*x + 1444 + 580 = u. What are the prime factors of x?
2, 23
Let f(k) be the third derivative of -13*k**4/24 + 2*k**3/3 - 2*k**2 + k. List the prime factors of f(-14).
2, 3, 31
Let t be ((-2790)/40)/(5/20). Let r = t + 541. What are the prime factors of r?
2, 131
Suppose 0*k + 408 = -3*q - 3*k, 5*q - 5*k = -630. Let v = 286 + q. List the prime factors of v.
5, 31
Let p be (105/(-20) - -5) + (-807)/(-12). Let k(l) = -l**2 - 11*l - 12. Let u be k(-8). Let x = p + u. List the prime factors of x.
79
Suppose -837 = -4*s + 2*y + 727, 1576 = 4*s + 4*y. Suppose b - s = 362. List the prime factors of b.
2, 13, 29
Let x be (-4)/(4/(-5)) + 812. Let f = 1250 - x. List the prime factors of f.
433
Let a(y) = 38*y**2 - y - 2. Let l be a(-3). Suppose -2*o + 747 = -5*k - l, o = k + 539. Suppose 0 = -8*i + 3*i + o. What are the prime factors of i?
107
Let m = 60363 + -12394. What are the prime factors of m?
47969
Let w = 11 + -6. Suppose -3*q + 63 - 45 = 0. Suppose -3*d + 4 + q = w*j, -4*d = -j - 21. List the prime factors of d.
5
Suppose 5*d + 141 = 2071. Suppose -4*o + f - d + 6234 = 0, -3*f + 5832 = 4*o. What are the prime factors of o?
3, 487
Suppose -2*a + 317 = 2*x + 9, 5*a = 3*x - 486. Suppose -350 - x = -13*j. What are the prime factors of j?
3, 13
Suppose -51 = c - 2*p + 40, 2*p - 447 = 5*c. Let q(u) = -u**3 - 8*u**2 + 9*u + 12. Let z be q(-9). Let s = z - c. What are the prime factors of s?
101
Suppose -2*l - 11 = -6*l + r, -l + r = -2. Let w = l + 2. What are the prime factors of (-12)/3 + w + 36?
37
Suppose 3*k = 3*v + 93963, -3*k - k + 125340 = 3*v. List the prime factors of k.
3, 59
Suppose 2*a = 3*i - 43690, -5*i + 10*i + 2*a - 72806 = 0. List the prime factors of i.
2, 3, 809
Let v(p) = -6 - 80*p + 23 + 42*p - 96*p. What are the prime factors of v(-1)?
151
Suppose 114 = -v - 2*v. Let h = 298 - 250. Let c = h - v. What are the prime factors of c?
2, 43
Let c = 153 + -155. Suppose 6 = 2*z, 6*z - 55 = -2*j + z. List the prime factors of -340*(c/j)/((-4)/(-16)).
2, 17
Let l be (2 + -1)*(-14 + 1). What are the prime factors of (107 + l)*(18/4)/3?
3, 47
Let f = 25 + -2. Let m(a) = 4*a**2 - f*a**3 - 5 - 20*a**3 + 44*a**3. List the prime factors of m(4).
3, 41
Let b(x) = 10*x**3 + 5*x**2 - 6. Suppose 4*i - 31 = -3*g, -5*i + 2*g = -2*i - 2. List the prime factors of b(i).
2, 3, 7, 17
Let h(b) = -9*b - 22. Let i(x) = -44*x - 110. Let v(q) = 28*h(q) - 6*i(q). Let m be v(-11). Let u = m - -185. What are the prime factors of u?
97
Suppose -16*m - 2009 = -665. Suppose 592 = -u - 3*u - 2*a, -5*a = -20. Let j = m - u. List the prime factors of j.
2, 3, 11
Let k(s) = -7 - 14*s + 0 + 14 - 1. Let a be k(-3). Let m = a + -21. List the prime factors of m.
3
Let j = -25 + 15. Let n be (j/20)/((-1)/(-18)). Let r(x) = x**3 + 8*x**2 - 12*x + 3. What are the prime factors of r(n)?
2, 3, 5
Let g = 17852 + -7545. List the prime factors of g.
11, 937
Let c(t) = -20 - 25 - 26*t + 2*t**2 - 23 + 189. List the prime factors of c(11).
7, 11
What are the prime factors of (4 - (-9016)/28)/((-2)/(-161))?
7, 23, 163
Let d = -51 - -51. Suppose -11*p + p + 80 = d. What are the prime factors of (7/56*6)/(2/p)?
3
Let k(b) = -4665*b - 1808. What are the prime factors of k(-3)?
7, 1741
Let b(p) = 2*p**2 - 26*p - 3. Let s(k) = 2*k + 27. Let c be s(-7). Let v be b(c). What are the prime factors of (0 - (v + 5)) + 388/2?
2, 3
Let j(a) be the first derivative of a**4/4 - a**3/3 - a**2 + 53*a + 1. Let i = 3601 + -3601. What are the prime factors of j(i)?
53
Let j = -7 + 11. Let k be (-16)/2*(-4851)/396. Suppose -k = -j*a + 174. List the prime factors of a.
2, 17
Suppose -52*i + 852660 - 332972 = 0. What are the prime factors of i?
2, 19, 263
Let j(v) = 15*v**2 - 720. What are the prime factors of j(45)?
3, 5, 659
Suppose 3*r = 3, 0*h = -2*h + 3*r + 3. Let